{"id":113,"date":"2016-06-30T08:28:26","date_gmt":"2016-06-30T08:28:26","guid":{"rendered":"http:\/\/www.artisans-experts.fr\/?page_id=113"},"modified":"2016-07-13T09:51:28","modified_gmt":"2016-07-13T09:51:28","slug":"blog-masonry-3-columns","status":"publish","type":"page","link":"https:\/\/www.artisans-experts.fr\/index.php\/blog-masonry-3-columns\/","title":{"rendered":"Blog Masonry 3 Columns"},"content":{"rendered":"<p>[vc_row][vc_column]<div id=\"sc_blogger_1486776144\" class=\"sc_blogger layout_masonry_3 template_masonry margin_bottom_large-  sc_blogger_horizontal\"><div class=\"isotope_wrap\" data-columns=\"3\">\t\t<div class=\"isotope_item isotope_item_masonry isotope_item_masonry_3 isotope_column_3\t\t\t\t\t\">\n\t\t\t<div class=\"post_item post_item_masonry post_item_masonry_3\t\t\t\t  post_format_standard odd\">\n\t\t\t\t\n\t\t\t\t\t\t\t\t\t<div class=\"post_featured\">\n\t\t\t\t\t\t\t<div class=\"post_thumb\" data-image=\"https:\/\/www.artisans-experts.fr\/wp-content\/uploads\/2016\/06\/post-10.jpg\" data-title=\"Comment r\u00e9parer les vieux meubles de jardin pour l&#8217;\u00e9t\u00e9 ?\">\n\t<a class=\"hover_icon hover_icon_link\" href=\"https:\/\/www.artisans-experts.fr\/index.php\/2016\/06\/30\/comment-reparer-les-vieux-meubles-de-jardin-pour-lete\/\"><img class=\"wp-post-image\" width=\"370\" height=\"247\" alt=\"Comment r\u00e9parer les vieux meubles de jardin pour l&#8217;\u00e9t\u00e9 ?\" src=\"https:\/\/www.artisans-experts.fr\/wp-content\/uploads\/2016\/06\/post-10-370x247.jpg\"><\/a>\t<\/div>\n\t\t\t\t\t\t<\/div>\n\t\t\t\t\n\t\t\t\t<div class=\"post_content isotope_item_content\">\n\t\t\t\t\t\n\t\t\t\t\t<div class=\"post_info\">\n\t\t\t<span class=\"post_info_item post_info_posted\">Posted <a href=\"https:\/\/www.artisans-experts.fr\/index.php\/2016\/06\/30\/comment-reparer-les-vieux-meubles-de-jardin-pour-lete\/\" class=\"post_info_date\">30 June 2016<\/a><\/span>\n\t\t<\/div>\t\t\t\t\t\t\t<h3 class=\"post_title sc_title_underline\"><a href=\"https:\/\/www.artisans-experts.fr\/index.php\/2016\/06\/30\/comment-reparer-les-vieux-meubles-de-jardin-pour-lete\/\">Comment r\u00e9parer les vieux meubles de jardin pour l&#8217;\u00e9t\u00e9 ?<\/a><\/h3>\n\t\t\t\t\t\t\t\n\t\t\t\t\t<div class=\"post_descr\">\n\t\t\t\t\t\t<p>Sed ut perspiciatis, unde omnis iste natus error sit voluptatem accusantium doloremque laudantium, totam rem aperiam.<\/p><a href=\"https:\/\/www.artisans-experts.fr\/index.php\/2016\/06\/30\/comment-reparer-les-vieux-meubles-de-jardin-pour-lete\/\" class=\"sc_button sc_button_square sc_button_style_filled sc_button_size_small\">Read more<\/a>\t\t\t\t\t<\/div>\n\n\t\t\t\t<\/div>\t\t\t\t<!-- \/.post_content -->\n\t\t\t<\/div>\t<!-- \/.post_item -->\n\t\t<\/div>\t\t\t\t\t\t<!-- \/.isotope_item -->\n\t\t\t\t<div class=\"isotope_item isotope_item_masonry isotope_item_masonry_3 isotope_column_3\t\t\t\t\t\">\n\t\t\t<div class=\"post_item post_item_masonry post_item_masonry_3\t\t\t\t  post_format_standard even\">\n\t\t\t\t\n\t\t\t\t\t\t\t\t\t<div class=\"post_featured\">\n\t\t\t\t\t\t\t<div class=\"post_thumb\" data-image=\"https:\/\/www.artisans-experts.fr\/wp-content\/uploads\/2016\/06\/post-12.jpg\" data-title=\"Si vous avez besoin d&#8217;un \u00e9lectricien professionnel\">\n\t<a class=\"hover_icon hover_icon_link\" href=\"https:\/\/www.artisans-experts.fr\/index.php\/2016\/06\/15\/si-vous-avez-besoin-dun-electricien-professionnel\/\"><img class=\"wp-post-image\" width=\"370\" height=\"218\" alt=\"Si vous avez besoin d&#8217;un \u00e9lectricien professionnel\" src=\"https:\/\/www.artisans-experts.fr\/wp-content\/uploads\/2016\/06\/post-12-370x218.jpg\"><\/a>\t<\/div>\n\t\t\t\t\t\t<\/div>\n\t\t\t\t\n\t\t\t\t<div class=\"post_content isotope_item_content\">\n\t\t\t\t\t\n\t\t\t\t\t<div class=\"post_info\">\n\t\t\t<span class=\"post_info_item post_info_posted\">Posted <a href=\"https:\/\/www.artisans-experts.fr\/index.php\/2016\/06\/15\/si-vous-avez-besoin-dun-electricien-professionnel\/\" class=\"post_info_date\">15 June 2016<\/a><\/span>\n\t\t<\/div>\t\t\t\t\t\t\t<h3 class=\"post_title sc_title_underline\"><a href=\"https:\/\/www.artisans-experts.fr\/index.php\/2016\/06\/15\/si-vous-avez-besoin-dun-electricien-professionnel\/\">Si vous avez besoin d&#8217;un \u00e9lectricien professionnel<\/a><\/h3>\n\t\t\t\t\t\t\t\n\t\t\t\t\t<div class=\"post_descr\">\n\t\t\t\t\t\t<p>Sed ut perspiciatis, unde omnis iste natus error sit voluptatem accusantium doloremque laudantium, totam rem aperiam.<\/p><a href=\"https:\/\/www.artisans-experts.fr\/index.php\/2016\/06\/15\/si-vous-avez-besoin-dun-electricien-professionnel\/\" class=\"sc_button sc_button_square sc_button_style_filled sc_button_size_small\">Read more<\/a>\t\t\t\t\t<\/div>\n\n\t\t\t\t<\/div>\t\t\t\t<!-- \/.post_content -->\n\t\t\t<\/div>\t<!-- \/.post_item -->\n\t\t<\/div>\t\t\t\t\t\t<!-- \/.isotope_item -->\n\t\t\t\t<div class=\"isotope_item isotope_item_masonry isotope_item_masonry_3 isotope_column_3\t\t\t\t\t\">\n\t\t\t<div class=\"post_item post_item_masonry post_item_masonry_3\t\t\t\t  post_format_standard odd\">\n\t\t\t\t\n\t\t\t\t\t\t\t\t\t<div class=\"post_featured\">\n\t\t\t\t\t\t\t<div class=\"post_thumb\" data-image=\"https:\/\/www.artisans-experts.fr\/wp-content\/uploads\/2016\/06\/post-13.jpg\" data-title=\"Vous avez une fuite? Embaucher un plombier exp\u00e9riment\u00e9\">\n\t<a class=\"hover_icon hover_icon_link\" href=\"https:\/\/www.artisans-experts.fr\/index.php\/2016\/06\/04\/vous-avez-une-fuite-embaucher-un-plombier-experimente\/\"><img class=\"wp-post-image\" width=\"370\" height=\"247\" alt=\"Vous avez une fuite? Embaucher un plombier exp\u00e9riment\u00e9\" src=\"https:\/\/www.artisans-experts.fr\/wp-content\/uploads\/2016\/06\/post-13-370x247.jpg\"><\/a>\t<\/div>\n\t\t\t\t\t\t<\/div>\n\t\t\t\t\n\t\t\t\t<div class=\"post_content isotope_item_content\">\n\t\t\t\t\t\n\t\t\t\t\t<div class=\"post_info\">\n\t\t\t<span class=\"post_info_item post_info_posted\">Posted <a href=\"https:\/\/www.artisans-experts.fr\/index.php\/2016\/06\/04\/vous-avez-une-fuite-embaucher-un-plombier-experimente\/\" class=\"post_info_date\">4 June 2016<\/a><\/span>\n\t\t<\/div>\t\t\t\t\t\t\t<h3 class=\"post_title sc_title_underline\"><a href=\"https:\/\/www.artisans-experts.fr\/index.php\/2016\/06\/04\/vous-avez-une-fuite-embaucher-un-plombier-experimente\/\">Vous avez une fuite? Embaucher un plombier exp\u00e9riment\u00e9<\/a><\/h3>\n\t\t\t\t\t\t\t\n\t\t\t\t\t<div class=\"post_descr\">\n\t\t\t\t\t\t<p>Sed ut perspiciatis, unde omnis iste natus error sit voluptatem accusantium doloremque laudantium, totam rem aperiam.<\/p><a href=\"https:\/\/www.artisans-experts.fr\/index.php\/2016\/06\/04\/vous-avez-une-fuite-embaucher-un-plombier-experimente\/\" class=\"sc_button sc_button_square sc_button_style_filled sc_button_size_small\">Read more<\/a>\t\t\t\t\t<\/div>\n\n\t\t\t\t<\/div>\t\t\t\t<!-- \/.post_content -->\n\t\t\t<\/div>\t<!-- \/.post_item -->\n\t\t<\/div>\t\t\t\t\t\t<!-- \/.isotope_item -->\n\t\t\t\t<div class=\"isotope_item isotope_item_masonry isotope_item_masonry_3 isotope_column_3\t\t\t\t\t\">\n\t\t\t<div class=\"post_item post_item_masonry post_item_masonry_3\t\t\t\t  post_format_standard even\">\n\t\t\t\t\n\t\t\t\t\t\t\t\t\t<div class=\"post_featured\">\n\t\t\t\t\t\t\t<div class=\"post_thumb\" data-image=\"https:\/\/www.artisans-experts.fr\/wp-content\/uploads\/2016\/06\/post-6.jpg\" data-title=\"Une structure en bois pour \u00e9viter l&#8217;effondrement des escaliers tremblants\">\n\t<a class=\"hover_icon hover_icon_link\" href=\"https:\/\/www.artisans-experts.fr\/index.php\/2016\/05\/26\/une-structure-en-bois-pour-eviter-leffondrement-des-escaliers-tremblants\/\"><img class=\"wp-post-image\" width=\"370\" height=\"370\" alt=\"Une structure en bois pour \u00e9viter l&#8217;effondrement des escaliers tremblants\" src=\"https:\/\/www.artisans-experts.fr\/wp-content\/uploads\/2016\/06\/post-6-370x370.jpg\"><\/a>\t<\/div>\n\t\t\t\t\t\t<\/div>\n\t\t\t\t\n\t\t\t\t<div class=\"post_content isotope_item_content\">\n\t\t\t\t\t\n\t\t\t\t\t<div class=\"post_info\">\n\t\t\t<span class=\"post_info_item post_info_posted\">Posted <a href=\"https:\/\/www.artisans-experts.fr\/index.php\/2016\/05\/26\/une-structure-en-bois-pour-eviter-leffondrement-des-escaliers-tremblants\/\" class=\"post_info_date\">26 May 2016<\/a><\/span>\n\t\t<\/div>\t\t\t\t\t\t\t<h3 class=\"post_title sc_title_underline\"><a href=\"https:\/\/www.artisans-experts.fr\/index.php\/2016\/05\/26\/une-structure-en-bois-pour-eviter-leffondrement-des-escaliers-tremblants\/\">Une structure en bois pour \u00e9viter l&#8217;effondrement des escaliers tremblants<\/a><\/h3>\n\t\t\t\t\t\t\t\n\t\t\t\t\t<div class=\"post_descr\">\n\t\t\t\t\t\t<p>Sed ut perspiciatis, unde omnis iste natus error sit voluptatem accusantium doloremque laudantium, totam rem aperiam.<\/p><a href=\"https:\/\/www.artisans-experts.fr\/index.php\/2016\/05\/26\/une-structure-en-bois-pour-eviter-leffondrement-des-escaliers-tremblants\/\" class=\"sc_button sc_button_square sc_button_style_filled sc_button_size_small\">Read more<\/a>\t\t\t\t\t<\/div>\n\n\t\t\t\t<\/div>\t\t\t\t<!-- \/.post_content -->\n\t\t\t<\/div>\t<!-- \/.post_item -->\n\t\t<\/div>\t\t\t\t\t\t<!-- \/.isotope_item -->\n\t\t\t\t<div class=\"isotope_item isotope_item_masonry isotope_item_masonry_3 isotope_column_3\t\t\t\t\t\">\n\t\t\t<div class=\"post_item post_item_masonry post_item_masonry_3\t\t\t\t  post_format_standard odd\">\n\t\t\t\t\n\t\t\t\t\t\t\t\t\t<div class=\"post_featured\">\n\t\t\t\t\t\t\t<div class=\"post_thumb\" data-image=\"https:\/\/www.artisans-experts.fr\/wp-content\/uploads\/2016\/06\/post-4.jpg\" data-title=\"Les cadres de portes et de fen\u00eatres comme un travail astucieux\">\n\t<a class=\"hover_icon hover_icon_link\" href=\"https:\/\/www.artisans-experts.fr\/index.php\/2016\/05\/14\/les-cadres-de-portes-et-de-fenetres-comme-un-travail-astucieux\/\"><img class=\"wp-post-image\" width=\"370\" height=\"221\" alt=\"Les cadres de portes et de fen\u00eatres comme un travail astucieux\" src=\"https:\/\/www.artisans-experts.fr\/wp-content\/uploads\/2016\/06\/post-4-370x221.jpg\"><\/a>\t<\/div>\n\t\t\t\t\t\t<\/div>\n\t\t\t\t\n\t\t\t\t<div class=\"post_content isotope_item_content\">\n\t\t\t\t\t\n\t\t\t\t\t<div class=\"post_info\">\n\t\t\t<span class=\"post_info_item post_info_posted\">Posted <a href=\"https:\/\/www.artisans-experts.fr\/index.php\/2016\/05\/14\/les-cadres-de-portes-et-de-fenetres-comme-un-travail-astucieux\/\" class=\"post_info_date\">14 May 2016<\/a><\/span>\n\t\t<\/div>\t\t\t\t\t\t\t<h3 class=\"post_title sc_title_underline\"><a href=\"https:\/\/www.artisans-experts.fr\/index.php\/2016\/05\/14\/les-cadres-de-portes-et-de-fenetres-comme-un-travail-astucieux\/\">Les cadres de portes et de fen\u00eatres comme un travail astucieux<\/a><\/h3>\n\t\t\t\t\t\t\t\n\t\t\t\t\t<div class=\"post_descr\">\n\t\t\t\t\t\t<p>Sed ut perspiciatis, unde omnis iste natus error sit voluptatem accusantium doloremque laudantium, totam rem aperiam.<\/p><a href=\"https:\/\/www.artisans-experts.fr\/index.php\/2016\/05\/14\/les-cadres-de-portes-et-de-fenetres-comme-un-travail-astucieux\/\" class=\"sc_button sc_button_square sc_button_style_filled sc_button_size_small\">Read more<\/a>\t\t\t\t\t<\/div>\n\n\t\t\t\t<\/div>\t\t\t\t<!-- \/.post_content -->\n\t\t\t<\/div>\t<!-- \/.post_item -->\n\t\t<\/div>\t\t\t\t\t\t<!-- \/.isotope_item -->\n\t\t\t\t<div class=\"isotope_item isotope_item_masonry isotope_item_masonry_3 isotope_column_3\t\t\t\t\t\">\n\t\t\t<div class=\"post_item post_item_masonry post_item_masonry_3\t\t\t\t  post_format_standard even\">\n\t\t\t\t\n\t\t\t\t\t\t\t\t\t<div class=\"post_featured\">\n\t\t\t\t\t\t\t<div class=\"post_thumb\" data-image=\"https:\/\/www.artisans-experts.fr\/wp-content\/uploads\/2016\/06\/post-2.jpg\" data-title=\"R\u00e9novation des armoires de cuisine\">\n\t<a class=\"hover_icon hover_icon_link\" href=\"https:\/\/www.artisans-experts.fr\/index.php\/2016\/04\/29\/renovation-des-armoires-de-cuisine\/\"><img class=\"wp-post-image\" width=\"370\" height=\"224\" alt=\"R\u00e9novation des armoires de cuisine\" src=\"https:\/\/www.artisans-experts.fr\/wp-content\/uploads\/2016\/06\/post-2-370x224.jpg\"><\/a>\t<\/div>\n\t\t\t\t\t\t<\/div>\n\t\t\t\t\n\t\t\t\t<div class=\"post_content isotope_item_content\">\n\t\t\t\t\t\n\t\t\t\t\t<div class=\"post_info\">\n\t\t\t<span class=\"post_info_item post_info_posted\">Posted <a href=\"https:\/\/www.artisans-experts.fr\/index.php\/2016\/04\/29\/renovation-des-armoires-de-cuisine\/\" class=\"post_info_date\">29 April 2016<\/a><\/span>\n\t\t<\/div>\t\t\t\t\t\t\t<h3 class=\"post_title sc_title_underline\"><a href=\"https:\/\/www.artisans-experts.fr\/index.php\/2016\/04\/29\/renovation-des-armoires-de-cuisine\/\">R\u00e9novation des armoires de cuisine<\/a><\/h3>\n\t\t\t\t\t\t\t\n\t\t\t\t\t<div class=\"post_descr\">\n\t\t\t\t\t\t<p>Sed ut perspiciatis, unde omnis iste natus error sit voluptatem accusantium doloremque laudantium, totam rem aperiam.<\/p><a href=\"https:\/\/www.artisans-experts.fr\/index.php\/2016\/04\/29\/renovation-des-armoires-de-cuisine\/\" class=\"sc_button sc_button_square sc_button_style_filled sc_button_size_small\">Read more<\/a>\t\t\t\t\t<\/div>\n\n\t\t\t\t<\/div>\t\t\t\t<!-- \/.post_content -->\n\t\t\t<\/div>\t<!-- \/.post_item -->\n\t\t<\/div>\t\t\t\t\t\t<!-- \/.isotope_item -->\n\t\t\t\t<div class=\"isotope_item isotope_item_masonry isotope_item_masonry_3 isotope_column_3\t\t\t\t\t\">\n\t\t\t<div class=\"post_item post_item_masonry post_item_masonry_3\t\t\t\t  post_format_standard odd\">\n\t\t\t\t\n\t\t\t\t\t\t\t\t\t<div class=\"post_featured\">\n\t\t\t\t\t\t\t<div class=\"post_thumb\" data-image=\"https:\/\/www.artisans-experts.fr\/wp-content\/uploads\/2016\/06\/post-5.jpg\" data-title=\"\u00c9tapes simples pour remplacer l&#8217;ancien carrelage\">\n\t<a class=\"hover_icon hover_icon_link\" href=\"https:\/\/www.artisans-experts.fr\/index.php\/2016\/04\/11\/etapes-simples-pour-remplacer-lancien-carrelage\/\"><img class=\"wp-post-image\" width=\"370\" height=\"303\" alt=\"\u00c9tapes simples pour remplacer l&#8217;ancien carrelage\" src=\"https:\/\/www.artisans-experts.fr\/wp-content\/uploads\/2016\/06\/post-5-370x303.jpg\"><\/a>\t<\/div>\n\t\t\t\t\t\t<\/div>\n\t\t\t\t\n\t\t\t\t<div class=\"post_content isotope_item_content\">\n\t\t\t\t\t\n\t\t\t\t\t<div class=\"post_info\">\n\t\t\t<span class=\"post_info_item post_info_posted\">Posted <a href=\"https:\/\/www.artisans-experts.fr\/index.php\/2016\/04\/11\/etapes-simples-pour-remplacer-lancien-carrelage\/\" class=\"post_info_date\">11 April 2016<\/a><\/span>\n\t\t<\/div>\t\t\t\t\t\t\t<h3 class=\"post_title sc_title_underline\"><a href=\"https:\/\/www.artisans-experts.fr\/index.php\/2016\/04\/11\/etapes-simples-pour-remplacer-lancien-carrelage\/\">\u00c9tapes simples pour remplacer l&#8217;ancien carrelage<\/a><\/h3>\n\t\t\t\t\t\t\t\n\t\t\t\t\t<div class=\"post_descr\">\n\t\t\t\t\t\t<p>Sed ut perspiciatis, unde omnis iste natus error sit voluptatem accusantium doloremque laudantium, totam rem aperiam.<\/p><a href=\"https:\/\/www.artisans-experts.fr\/index.php\/2016\/04\/11\/etapes-simples-pour-remplacer-lancien-carrelage\/\" class=\"sc_button sc_button_square sc_button_style_filled sc_button_size_small\">Read more<\/a>\t\t\t\t\t<\/div>\n\n\t\t\t\t<\/div>\t\t\t\t<!-- \/.post_content -->\n\t\t\t<\/div>\t<!-- \/.post_item -->\n\t\t<\/div>\t\t\t\t\t\t<!-- \/.isotope_item -->\n\t\t\t\t<div class=\"isotope_item isotope_item_masonry isotope_item_masonry_3 isotope_column_3\t\t\t\t\t\">\n\t\t\t<div class=\"post_item post_item_masonry post_item_masonry_3\t\t\t\t  post_format_standard even\">\n\t\t\t\t\n\t\t\t\t\t\t\t\t\t<div class=\"post_featured\">\n\t\t\t\t\t\t\t<div class=\"post_thumb\" data-image=\"https:\/\/www.artisans-experts.fr\/wp-content\/uploads\/2016\/06\/post-3.jpg\" data-title=\"Comment installer diff\u00e9rents types de constructions\">\n\t<a class=\"hover_icon hover_icon_link\" href=\"https:\/\/www.artisans-experts.fr\/index.php\/2016\/03\/18\/comment-installer-differents-types-de-constructions\/\"><img class=\"wp-post-image\" width=\"370\" height=\"216\" alt=\"Comment installer diff\u00e9rents types de constructions\" src=\"https:\/\/www.artisans-experts.fr\/wp-content\/uploads\/2016\/06\/post-3-370x216.jpg\"><\/a>\t<\/div>\n\t\t\t\t\t\t<\/div>\n\t\t\t\t\n\t\t\t\t<div class=\"post_content isotope_item_content\">\n\t\t\t\t\t\n\t\t\t\t\t<div class=\"post_info\">\n\t\t\t<span class=\"post_info_item post_info_posted\">Posted <a href=\"https:\/\/www.artisans-experts.fr\/index.php\/2016\/03\/18\/comment-installer-differents-types-de-constructions\/\" class=\"post_info_date\">18 March 2016<\/a><\/span>\n\t\t<\/div>\t\t\t\t\t\t\t<h3 class=\"post_title sc_title_underline\"><a href=\"https:\/\/www.artisans-experts.fr\/index.php\/2016\/03\/18\/comment-installer-differents-types-de-constructions\/\">Comment installer diff\u00e9rents types de constructions<\/a><\/h3>\n\t\t\t\t\t\t\t\n\t\t\t\t\t<div class=\"post_descr\">\n\t\t\t\t\t\t<p>Sed ut perspiciatis, unde omnis iste natus error sit voluptatem accusantium doloremque laudantium, totam rem aperiam.<\/p><a href=\"https:\/\/www.artisans-experts.fr\/index.php\/2016\/03\/18\/comment-installer-differents-types-de-constructions\/\" class=\"sc_button sc_button_square sc_button_style_filled sc_button_size_small\">Read more<\/a>\t\t\t\t\t<\/div>\n\n\t\t\t\t<\/div>\t\t\t\t<!-- \/.post_content -->\n\t\t\t<\/div>\t<!-- \/.post_item -->\n\t\t<\/div>\t\t\t\t\t\t<!-- \/.isotope_item -->\n\t\t\t\t<div class=\"isotope_item isotope_item_masonry isotope_item_masonry_3 isotope_column_3\t\t\t\t\t\">\n\t\t\t<div class=\"post_item post_item_masonry post_item_masonry_3\t\t\t\t  post_format_standard odd last\">\n\t\t\t\t\n\t\t\t\t\t\t\t\t\t<div class=\"post_featured\">\n\t\t\t\t\t\t\t<div class=\"post_thumb\" data-image=\"https:\/\/www.artisans-experts.fr\/wp-content\/uploads\/2016\/06\/post-1.jpg\" data-title=\"Murs \u00e0 partir de z\u00e9ro: tutoriel rapide et efficace\">\n\t<a class=\"hover_icon hover_icon_link\" href=\"https:\/\/www.artisans-experts.fr\/index.php\/2016\/02\/22\/murs-a-partir-de-zero-tutoriel-rapide-et-efficace\/\"><img class=\"wp-post-image\" width=\"370\" height=\"247\" alt=\"Murs \u00e0 partir de z\u00e9ro: tutoriel rapide et efficace\" src=\"https:\/\/www.artisans-experts.fr\/wp-content\/uploads\/2016\/06\/post-1-370x247.jpg\"><\/a>\t<\/div>\n\t\t\t\t\t\t<\/div>\n\t\t\t\t\n\t\t\t\t<div class=\"post_content isotope_item_content\">\n\t\t\t\t\t\n\t\t\t\t\t<div class=\"post_info\">\n\t\t\t<span class=\"post_info_item post_info_posted\">Posted <a href=\"https:\/\/www.artisans-experts.fr\/index.php\/2016\/02\/22\/murs-a-partir-de-zero-tutoriel-rapide-et-efficace\/\" class=\"post_info_date\">22 February 2016<\/a><\/span>\n\t\t<\/div>\t\t\t\t\t\t\t<h3 class=\"post_title sc_title_underline\"><a href=\"https:\/\/www.artisans-experts.fr\/index.php\/2016\/02\/22\/murs-a-partir-de-zero-tutoriel-rapide-et-efficace\/\">Murs \u00e0 partir de z\u00e9ro: tutoriel rapide et efficace<\/a><\/h3>\n\t\t\t\t\t\t\t\n\t\t\t\t\t<div class=\"post_descr\">\n\t\t\t\t\t\t<p>Sed ut perspiciatis, unde omnis iste natus error sit voluptatem accusantium doloremque laudantium, totam rem aperiam.<\/p><a href=\"https:\/\/www.artisans-experts.fr\/index.php\/2016\/02\/22\/murs-a-partir-de-zero-tutoriel-rapide-et-efficace\/\" class=\"sc_button sc_button_square sc_button_style_filled sc_button_size_small\">Read more<\/a>\t\t\t\t\t<\/div>\n\n\t\t\t\t<\/div>\t\t\t\t<!-- \/.post_content -->\n\t\t\t<\/div>\t<!-- \/.post_item -->\n\t\t<\/div>\t\t\t\t\t\t<!-- \/.isotope_item -->\n\t\t<\/div><\/div>[\/vc_column][\/vc_row]<\/p>\n","protected":false},"excerpt":{"rendered":"<p>[vc_row][vc_column][\/vc_column][\/vc_row]<\/p>\n","protected":false},"author":1,"featured_media":0,"parent":0,"menu_order":0,"comment_status":"closed","ping_status":"closed","template":"","meta":{"footnotes":""},"_links":{"self":[{"href":"https:\/\/www.artisans-experts.fr\/index.php\/wp-json\/wp\/v2\/pages\/113"}],"collection":[{"href":"https:\/\/www.artisans-experts.fr\/index.php\/wp-json\/wp\/v2\/pages"}],"about":[{"href":"https:\/\/www.artisans-experts.fr\/index.php\/wp-json\/wp\/v2\/types\/page"}],"author":[{"embeddable":true,"href":"https:\/\/www.artisans-experts.fr\/index.php\/wp-json\/wp\/v2\/users\/1"}],"replies":[{"embeddable":true,"href":"https:\/\/www.artisans-experts.fr\/index.php\/wp-json\/wp\/v2\/comments?post=113"}],"version-history":[{"count":0,"href":"https:\/\/www.artisans-experts.fr\/index.php\/wp-json\/wp\/v2\/pages\/113\/revisions"}],"wp:attachment":[{"href":"https:\/\/www.artisans-experts.fr\/index.php\/wp-json\/wp\/v2\/media?parent=113"}],"curies":[{"name":"wp","href":"https:\/\/api.w.org\/{rel}","templated":true}]}}